ist the prime factors of 3683.
29, 127
What are the prime factors of 736?
2, 23
List the prime factors of 11562.
2, 3, 41, 47
What are the prime factors of 2804?
2, 701
List the prime factors of 131430.
2, 3, 5, 13, 337
What are the prime factors of 19382?
2, 11, 881
What are the prime factors of 1114?
2, 557
What are the prime factors of 95160?
2, 3, 5, 13, 61
What are the prime factors of 3327?
3, 1109
List the prime factors of 1899.
3, 211
List the prime factors of 5235.
3, 5, 349
List the prime factors of 531.
3, 59
What are the prime factors of 209?
11, 19
List the prime factors of 8118.
2, 3, 11, 41
What are the prime factors of 1356?
2, 3, 113
List the prime factors of 2177.
7, 311
What are the prime factors of 18517?
18517
What are the prime factors of 11632?
2, 727
List the prime factors of 8826.
2, 3, 1471
List the prime factors of 16159.
11, 13, 113
What are the prime factors of 13225?
5, 23
What are the prime factors of 37848?
2, 3, 19, 83
What are the prime factors of 86?
2, 43
What are the prime factors of 2299?
11, 19
What are the prime factors of 6946?
2, 23, 151
What are the prime factors of 1561?
7, 223
List the prime factors of 614.
2, 307
List the prime factors of 124207.
29, 4283
List the prime factors of 10088.
2, 13, 97
What are the prime factors of 2302?
2, 1151
What are the prime factors of 2749?
2749
What are the prime factors of 129280?
2, 5, 101
List the prime factors of 130623.
3, 43541
What are the prime factors of 41951?
7, 13, 461
What are the prime factors of 157?
157
What are the prime factors of 312?
2, 3, 13
What are the prime factors of 116?
2, 29
What are the prime factors of 2213?
2213
List the prime factors of 16459.
109, 151
What are the prime factors of 1965?
3, 5, 131
List the prime factors of 3758.
2, 1879
What are the prime factors of 1420?
2, 5, 71
List the prime factors of 1782.
2, 3, 11
List the prime factors of 4451.
4451
List the prime factors of 1592.
2, 199
What are the prime factors of 6558?
2, 3, 1093
List the prime factors of 84398.
2, 19, 2221
List the prime factors of 773.
773
List the prime factors of 16514.
2, 23, 359
List the prime factors of 15245.
5, 3049
List the prime factors of 498.
2, 3, 83
What are the prime factors of 29229?
3, 9743
What are the prime factors of 36324?
2, 3, 1009
What are the prime factors of 3140?
2, 5, 157
What are the prime factors of 968?
2, 11
What are the prime factors of 3723?
3, 17, 73
List the prime factors of 15496.
2, 13, 149
List the prime factors of 14089.
73, 193
List the prime factors of 1564.
2, 17, 23
What are the prime factors of 35704?
2, 4463
List the prime factors of 27607.
19, 1453
List the prime factors of 982.
2, 491
List the prime factors of 793.
13, 61
List the prime factors of 148154.
2, 74077
What are the prime factors of 8766?
2, 3, 487
List the prime factors of 1287.
3, 11, 13
List the prime factors of 148077.
3, 16453
What are the prime factors of 63458?
2, 31729
What are the prime factors of 1773?
3, 197
What are the prime factors of 2283?
3, 761
List the prime factors of 6.
2, 3
What are the prime factors of 21725?
5, 11, 79
What are the prime factors of 2196?
2, 3, 61
What are the prime factors of 82049?
11, 7459
What are the prime factors of 1144?
2, 11, 13
What are the prime factors of 130693?
130693
List the prime factors of 116236.
2, 29059
What are the prime factors of 804?
2, 3, 67
What are the prime factors of 24473?
24473
What are the prime factors of 160548?
2, 3, 17, 787
What are the prime factors of 1165?
5, 233
What are the prime factors of 2320?
2, 5, 29
What are the prime factors of 934?
2, 467
List the prime factors of 16754.
2, 8377
List the prime factors of 994.
2, 7, 71
What are the prime factors of 3412?
2, 853
List the prime factors of 827.
827
List the prime factors of 15209.
67, 227
What are the prime factors of 1430?
2, 5, 11, 13
List the prime factors of 61352.
2, 7669
What are the prime factors of 3870?
2, 3, 5, 43
What are the prime factors of 1297?
1297
What are the prime factors of 12257?
7, 17, 103
What are the prime factors of 4161?
3, 19, 73
List the prime factors of 6021.
3, 223
What are the prime factors of 362?
2, 181
List the prime factors of 4780.
2, 5, 239
What are the prime factors of 4756?
2, 29, 41
What are the prime factors of 510?
2, 3, 5, 17
What are the prime factors of 13375?
5, 107
List the prime factors of 1638.
2, 3, 7, 13
What are the prime factors of 22142?
2, 11071
List the prime factors of 8076.
2, 3, 673
List the prime factors of 1481.
1481
What are the prime factors of 11989?
19, 631
What are the prime factors of 876?
2, 3, 73
What are the prime factors of 962?
2, 13, 37
List the prime factors of 4018.
2, 7, 41
What are the prime factors of 17712?
2, 3, 41
List the prime factors of 18901.
41, 461
List the prime factors of 1110.
2, 3, 5, 37
What are the prime factors of 30766?
2, 15383
What are the prime factors of 42712?
2, 19, 281
What are the prime factors of 3202?
2, 1601
What are the prime factors of 14088?
2, 3, 587
What are the prime factors of 24289?
107, 227
What are the prime factors of 2283?
3, 761
What are the prime factors of 12081?
3, 4027
What are the prime factors of 1388?
2, 347
List the prime factors of 117.
3, 13
List the prime factors of 5595.
3, 5, 373
What are the prime factors of 18031?
13, 19, 73
What are the prime factors of 6847?
41, 167
What are the prime factors of 81?
3
List the prime factors of 199.
199
List the prime factors of 2097.
3, 233
List the prime factors of 20.
2, 5
List the prime factors of 412.
2, 103
What are the prime factors of 6039?
3, 11, 61
List the prime factors of 62066.
2, 31033
What are the prime factors of 21516?
2, 3, 11, 163
List the prime factors of 1374.
2, 3, 229
List the prime factors of 586.
2, 293
What are the prime factors of 299?
13, 23
List the prime factors of 9.
3
List the prime factors of 5749.
5749
What are the prime factors of 19426?
2, 11, 883
List the prime factors of 25938.
2, 3, 11, 131
List the prime factors of 810.
2, 3, 5
What are the prime factors of 4097?
17, 241
What are the prime factors of 1830?
2, 3, 5, 61
What are the prime factors of 1737?
3, 193
What are the prime factors of 8855?
5, 7, 11, 23
List the prime factors of 19.
19
What are the prime factors of 3010?
2, 5, 7, 43
What are the prime factors of 911?
911
List the prime factors of 36.
2, 3
What are the prime factors of 1216?
2, 19
List the prime factors of 110754.
2, 3, 7, 293
List the prime factors of 37072.
2, 7, 331
List the prime factors of 17430.
2, 3, 5, 7, 83
List the prime factors of 1047.
3, 349
List the prime factors of 24604.
2, 6151
List the prime factors of 27398.
2, 7, 19, 103
List the prime factors of 26.
2, 13
List the prime factors of 88154.
2, 11, 4007
List the prime factors of 14378.
2, 7, 13, 79
List the prime factors of 1475.
5, 59
What are the prime factors of 10051?
19, 23
What are the prime factors of 446?
2, 223
List the prime factors of 1761.
3, 587
List the prime factors of 42384.
2, 3, 883
List the prime factors of 1508.
2, 13, 29
List the prime factors of 709.
709
What are the prime factors of 13624?
2, 13, 131
What are the prime factors of 3060?
2, 3, 5, 17
What are the prime factors of 1596?
2, 3, 7, 19
List the prime factors of 3153.
3, 1051
What are the prime factors of 171691?
13, 47, 281
What are the prime factors of 212?
2, 53
What are the prime factors of 4214?
2, 7, 43
List the prime factors of 93683.
93683
What are the prime factors of 1049?
1049
List the prime factors of 962.
2, 13, 37
What are the prime factors of 1006?
2, 503
List the prime factors of 787.
787
List the prime factors of 54285.
3, 5, 7, 11, 47
What are the prime factors of 54209?
151, 359
What are the prime factors of 9392?
2, 587
List the prime factors of 35934.
2, 3, 53, 113
List the prime factors of 339.
3, 113
What are the prime factors of 1998?
2, 3, 37
What are the prime factors of 1428?
2, 3, 7, 17
List the prime factors of 4415.
5, 883
List the prime factors of 9954.
2, 3, 7, 79
What are the prime factors of 480?
2, 3, 5
What are the prime factors of 7293?
3, 11, 13, 17
List the prime factors of 455.
5, 7, 13
What are the prime factors of 2128?
2, 7, 19
List the prime factors of 44349.
3, 14783
List the prime factors